 f?
6
Let x be (-1 - -3) + -5 + 3. Let m be x + 0 + 4 + 2. Let z = m - -1. What is the units digit of z?
7
Let n be (8/(-12))/(2/(-12)). Suppose n*b + 5 = 3*b. Let y = 12 + b. What is the units digit of y?
7
Let r = 7 - 6. Suppose -5*i = -3*a - 13, -2*i - r = a - 15. What is the tens digit of (-1)/(((-8)/22)/a)?
1
Let g(n) = 10*n + 27. What is the tens digit of g(4)?
6
What is the units digit of (57 - (-1 - 3))*1?
1
Suppose 2*j = -4*m - j + 98, 4*m + 2*j - 100 = 0. Suppose 1 = w + 11. Let h = w + m. What is the units digit of h?
6
Let f(r) = -r**2 - 4*r - 4. Let g be f(-4). Let m = g - -6. Suppose -o + m = o. What is the units digit of o?
1
Suppose 0 = j - 5*j + 20. What is the units digit of j?
5
Let l(x) = 15*x - 16. What is the units digit of l(7)?
9
Let z be (-1)/(1*(-2)/(-18)). Let f = 16 + -34. Let o = z - f. What is the units digit of o?
9
Let z = -5 - -3. Let h(j) = -j - 1. What is the units digit of h(z)?
1
Let t = -52 + 15. Let y = t - -87. What is the tens digit of y?
5
Let i = -2 - -3. Let b(q) = q - 1. Let d(r) = -3*r + 6. Let h(f) = i*d(f) + 5*b(f). What is the units digit of h(3)?
7
Let p(h) = 2*h + 17. Let c = 21 - 7. What is the tens digit of p(c)?
4
Let k(w) = w**2 + 11*w - 2. Let h be k(-11). Let m be -1 - -80 - (h - -1). What is the tens digit of (-6)/4*m/(-12)?
1
Let q = 124 - 123. What is the units digit of q?
1
Let s = 11 - 9. Let g(h) = -h**2 + h + 2. Let v be g(s). Suppose -4*z + 7*q - 2*q + 75 = v, -4*q = 12. What is the tens digit of z?
1
Let z be (-1)/5 + (-3315)/(-75). Suppose 0 = -2*w + 8 + z. What is the units digit of w?
6
Suppose 0 = 2*u + 2, -3*u + u + 8 = 5*q. Let y = q + -4. What is the units digit of y*1 + 11 + -2?
7
Let l be (-286)/(-12) + (-2)/(-12). Suppose w + 3*y = l, -5*w + 5*y + 158 = y. What is the units digit of w?
0
Let j = 5 - 0. Suppose r = 1, -n + j*r + 4 + 15 = 0. What is the tens digit of n?
2
Let f = 13 + -19. What is the tens digit of 52/(-10)*(1 + f)?
2
Let q(l) = l**2 + l + 16. What is the units digit of q(0)?
6
Suppose 0 = -c + 3*c + 52. Let s = 40 + c. What is the units digit of s?
4
Let w = -7 - -12. Let q(g) = -g**2 + g + 6. Let p be q(w). Let i = p - -26. What is the units digit of i?
2
Suppose 2*j = 2*p + 6, -4*j + 2*p + 7 = -p. Let n be j + 0 + (-14)/(-2). Let l(z) = -z**3 + 5*z**2 + 3*z - 5. What is the tens digit of l(n)?
1
What is the hundreds digit of ((-5932)/36)/(-1) - 4/(-18)?
1
Suppose -v - 2*v + 9 = 0. Suppose -v*h + 132 = h. What is the units digit of h?
3
Suppose 2*l = 24 + 20. What is the units digit of l?
2
Suppose -3*m + 466 = 3*i + 2*i, 4*m - 284 = -3*i. What is the units digit of i?
2
Let u(g) be the first derivative of g**4/4 + 7*g**3/3 + 3*g**2 + 5*g - 1. Let w = -2 + -4. What is the units digit of u(w)?
5
Let s(z) = z - 6. What is the units digit of s(10)?
4
Let t be ((-17)/3)/((-1)/3). Suppose -o + 0*o + t = m, 3*m + 2*o - 49 = 0. Suppose -2*f + m = 3. What is the units digit of f?
6
Let i = 7 - 4. Suppose c + 6 = y + 2*y, 0 = i*y. What is the units digit of ((-2)/c)/(1/15)?
5
What is the units digit of ((-5)/1)/(12/(-12))?
5
Let i = -4 + 10. Suppose -2*n - n + i = 0. Suppose -n*h - 10 = -26. What is the units digit of h?
8
Let t = 3 + 0. Let s = -1 + t. What is the units digit of s?
2
Let h be 1/(-4) - (-21)/4. Suppose -4*d - 28 = -h*l, -3*d - 4*l = -2*d - 14. Let y = d - -3. What is the units digit of y?
1
Suppose 4*z + 3 - 15 = 0. Let d = z - 0. What is the units digit of d?
3
Let x(d) = -d**2 + 8*d - 7. Let o be x(7). Suppose 3*j + 2*j - 15 = o. What is the units digit of j?
3
What is the units digit of (-1294)/(-22) - (-12)/66?
9
Let v(q) = -q - 2. Let f be v(0). Let d = f + 12. Suppose -d = -r - r. What is the units digit of r?
5
Suppose -8*g + 2*g + 216 = 0. What is the tens digit of g?
3
Let x(w) = -w**2 + 9 + 0*w**2 + w - 4. Let o be x(0). Suppose -3*t + o = -2*h + 20, -2*h + 10 = 2*t. What is the units digit of h?
6
Let d(f) = f**3 + 8*f**2 + 9*f + 1. Let o be d(-6). Suppose 5*r - 5 = 0, 4*r - o = -2*t - t. What is the units digit of t?
5
Let d = -52 - -67. What is the units digit of d?
5
Let m(c) = 4 - 22*c + 0 - 4. What is the units digit of m(-1)?
2
Let b(d) = d**3 + 4*d**2 - 2*d - 6. Let q be b(-4). Suppose -1 = o, -5*w - q*o = 2*o - 81. What is the tens digit of w?
1
Suppose 3*i - 104 = -i. Suppose -i = 3*k - 107. Suppose s + 0*j - 23 = -4*j, -5*j = s - k. What is the units digit of s?
7
Let g be 4*(21/6 + -3). Let w = -9 - -15. Let n = g + w. What is the units digit of n?
8
Let h = 72 - 103. Let g = h + 48. What is the units digit of g?
7
Let c = -7 + 11. Suppose l = c*l - 36. What is the tens digit of l?
1
What is the tens digit of 9/(-2)*(-1 - (-278)/(-6))?
1
Suppose -124 = 4*m - 4*d, -6*m + m = -d + 143. Let z be (-6)/4*16/6. What is the tens digit of (54/z)/(21/m)?
1
Suppose -5*q - 3*t = 264, 21 = 3*q - 4*t + 162. Let c = q + 76. What is the tens digit of c?
2
Let z(m) = m**2 + 8*m + 9. Let c be z(-7). Let y be (-2)/4*-2*c. Suppose 3*v - 40 = -y*v. What is the units digit of v?
8
Let a(v) be the second derivative of v**4/12 + 7*v**3/6 + 5*v**2/2 - v. What is the units digit of a(-7)?
5
Let u(b) = -2*b**2 - 1. Let q be u(2). Let y be 6/q - 338/(-3). What is the units digit of y/12 + 2/(-6)?
9
Let s(t) = -t**2 - 7*t + 9. Let n be s(-8). Let g be 1 - 2 - (0 - n). Suppose g = 4*r - 21 + 5. What is the units digit of r?
4
Let q(b) = 13*b**2 + 2*b + 6. What is the hundreds digit of q(-3)?
1
Let i(r) = -58*r**2 + 1. Let z be i(1). Let d = z + 99. Let w = d + -24. What is the tens digit of w?
1
Let s = 19 + -10. Let n be ((-3)/s)/((-1)/3). Let v = 2 - n. What is the units digit of v?
1
Suppose -2*h = -5*h + 9. Let w = 0 - -2. Let a = h - w. What is the units digit of a?
1
Let s(o) = o**2 + 14*o + 3. What is the units digit of s(7)?
0
Let s be (27/6)/((-1)/(-14)). Suppose 0 = 5*n - 17 - s. What is the units digit of n?
6
Let h(w) = w**3 - 7*w**2 + 5. Let i = 4 - -3. Let q be h(i). Suppose -4*z = -q*p + 3, -4*z - 4*p + 0*p = -24. What is the units digit of z?
3
Let c be 0 + -3*156/(-9). Suppose 0*r = -r - 1, 3*t + 5*r - c = 0. What is the units digit of t?
9
Suppose 0 = -l - 0*l + 18. Let x be (2 + 2)*(-3)/(-6). Suppose 4*m - l = w, 3*w + 5*m - x = 29. What is the units digit of w?
2
Suppose 25*t = 21*t + 148. What is the tens digit of t?
3
Let w = 20 + -9. What is the units digit of w?
1
Let n(t) = t + 9. Let v(j) = 1. Let f(b) = n(b) - v(b). Let p be f(-8). Suppose 1 = o, 0 = -p*g + g + 3*o - 9. What is the units digit of g?
6
Let j(k) = k**3 + k**2 - 3. What is the units digit of j(2)?
9
Suppose 0*a + 3*a + 2*l = 11, 9 = 5*a + l. Suppose -11 = -5*w - a. Suppose 4*g = w*p + p + 29, -3*g + p = -18. What is the units digit of g?
5
Let j be -6*-1*(-2)/(-3). Suppose -b - 2 = 4*p, 2*b + j*p - 7*p = 51. What is the units digit of b?
8
Let d be (-5)/5 - 4/(-1). Suppose 2*r = 5*r + n - 38, 0 = -4*r - d*n + 49. What is the tens digit of r?
1
Suppose 4*v - 4*x - 52 = 12, 0 = 3*x - 12. What is the units digit of v?
0
Let f be (4/1)/(2/1). Suppose 4*v = -f + 6. Suppose -m - 44 = -5*c, 3*c - 9 = -4*m - v. What is the units digit of c?
8
Let h = 96 - -1. What is the units digit of h?
7
Suppose -2*g = -g - 13. What is the units digit of g?
3
Let w = -15 + 29. What is the units digit of w?
4
Suppose 0 = n + 5*g - 3 - 20, 11 = -3*n + 5*g. What is the units digit of n?
3
Let z = -16 + 7. Let f be (-130)/6 + (-6)/z. Let p = -3 - f. What is the units digit of p?
8
Let q = 833 - 552. What is the units digit of q?
1
Let f = -7 + -5. Let s = f + 34. What is the units digit of s?
2
What is the units digit of -13 - -10 - (-2 - 3)*1?
2
Suppose 5*t - 11 = 4. Suppose t*j + 0*j = 3*l + 63, -l = -4*j + 75. What is the units digit of j?
8
Suppose 8*m + 40 = 12*m. What is the units digit of m?
0
Suppose -55 = -2*p + 11. What is the units digit of p?
3
Let s be (-6)/(-27) + (-104)/(-18). What is the units digit of s/27 - 104/(-18)?
6
Let q be 16/6 + (-2)/3. Suppose 4*y - q - 10 = 0. Suppose 0 = 5*k + y*v - 0*v + 10, 5*k + 2*v = -5. What is the units digit of k?
1
Suppose 3*f + 10 = 4*f. What is the units digit of f?
0
Suppose g = h + 6*g - 76, 2*g = 5*h - 407. What is the units digit of h?
1
Let t(b) = -25*b + 20. What is the units digit of t(-12)?
0
Let r(h) = -h**2 - 6*h - 12